4*z - 3*c = 81 - 7. Calculate the greatest common divisor of z and t.
10
Let z be 1/(1/(-4) - 27/(-36)). Let o be (-27)/(-33) - (-2)/11. Let p be o + -3*(-6)/9. Calculate the greatest common factor of p and z.
1
Suppose -1 = -n, 4*o - 3*n + 3 = 108. Calculate the greatest common divisor of o and 6.
3
Let p(m) be the second derivative of m**3/3 - 9*m**2 + 4*m. Let f be p(14). Suppose -5*o + f*o - 800 = 0. What is the greatest common factor of 20 and o?
20
Suppose 22*j = 51 + 37. What is the highest common factor of j and 44?
4
Suppose 7*p - 3*p = 0. Suppose 12 = 3*y - p*y. Suppose 2*j = 2*a + y - 0, 2*j - 2 = 4*a. Calculate the highest common factor of 1 and a.
1
Let o be ((-4)/(-16))/((-1)/(-52)). Let f(z) = -19*z**3 - z**2 + 3*z + 1. Let t be f(-2). What is the highest common factor of o and t?
13
Let g be (-2)/(-7) + (-586)/(-7). Let o = 5203 + -5179. Calculate the greatest common factor of g and o.
12
Suppose x - 20 = 2. Let c be 3/(-9) - (-68)/6. Calculate the highest common divisor of c and x.
11
Let i = 112 - 109. Let s be (-1)/(i - 138/45). What is the greatest common factor of 15 and s?
15
Let d(s) = 14*s - 118. Let o be d(9). Let n be (-2)/(2/(-2) + 2). Let j be (-78)/(-4) - 1/n. Calculate the highest common divisor of o and j.
4
Let l(m) = 28*m**2 - 12*m + 15. Let n be l(3). What is the highest common divisor of 22 and n?
11
Let u be (-24)/5*(-10)/3. Suppose -4*t - j - u = -7*t, 5*j + 30 = 5*t. Suppose 5 = t*a - 250. Calculate the highest common factor of 17 and a.
17
Let k be (2 + -1)/(-1*4/(-28)). Suppose -873 = k*t - 2623. Calculate the greatest common factor of t and 25.
25
Let n = 589 + -505. Calculate the highest common factor of 42 and n.
42
Let d be ((-3 - -1) + 1)*-10. Let n = d - 53. Let z = n - -286. Calculate the highest common factor of 27 and z.
27
Let v(r) = r**2 + 29 + 2*r - 3 - 8*r - r. Let j be v(11). Calculate the highest common factor of 28 and j.
14
Let n(j) = -j**2 - 22*j + 170. Let r be n(-27). Calculate the highest common factor of 805 and r.
35
Let x be ((-24)/8)/(2/18). Let k = -69 - x. Let l be (2 + 0)*k/(-4). What is the greatest common factor of 42 and l?
21
Let w(k) = 18*k + 24. Let a be w(11). Suppose -3*y - 4*p + 123 = -0*y, 0 = -5*y - p + a. Calculate the greatest common divisor of 15 and y.
15
Let i(z) = -z**3 + z - 1. Let g(u) = -2*u**3 + 16*u**2 - 14*u - 1. Let w(k) = g(k) - 3*i(k). Let d be w(-17). What is the greatest common divisor of 10 and d?
2
Let t be 2/(-4)*(-14 + -172). Calculate the highest common divisor of t and 124.
31
Let r = 12 - -21. Let f = 35 - r. Suppose -k - 8 = -f*k. What is the greatest common factor of k and 12?
4
Let n be -2*(3 + (1 - 1)). Let q(w) = -w**3 - 5*w**2 + 3*w - 1. Let g be q(n). What is the highest common factor of 51 and g?
17
Let r be ((-510)/(-21))/(2/28*2). Let w = r - 158. Calculate the highest common divisor of 6 and w.
6
Let p be 2*437 + ((-12)/6 - 3). What is the highest common divisor of 79 and p?
79
Suppose -39 = -20*b + 23*b. Let t = b - -22. Suppose -t*c + 6*c + 513 = 0. What is the greatest common divisor of c and 19?
19
Suppose -19 = -p + 1. Let x be 36/(-6) + 7 + (-12)/(-3). Suppose 16 = 4*i, 5*i - 60 = -x*w - 15. Calculate the highest common factor of p and w.
5
Let o be ((-70)/6)/(19 + (-2744)/144). Calculate the highest common divisor of o and 330.
30
Let z(r) be the third derivative of -7*r**6/120 - r**5/60 - r**4/8 - r**3/6 + 10*r**2. Let v be z(-1). What is the highest common divisor of 8 and v?
8
Let y(v) = 4*v**2 - 63*v - 1. Let n be y(16). What is the highest common factor of 1095 and n?
15
Let j(r) = 3*r**2 - 16*r - 1. Let k be j(7). Let w(y) = -y**2 + 4*y - 9. Let z be w(4). Let v = 26 + z. Calculate the highest common divisor of v and k.
17
Let t be ((-2)/(-12))/(2/(-6))*-62. Suppose -86 + t = -j. Suppose 2*p - z = 27, 4*z = 8*p - 3*p - 75. Calculate the greatest common factor of j and p.
11
Suppose -j = j - 108. Let f = j + 26. Suppose 3*m - 32 = -4*n + 5, -5*n = m - 49. What is the greatest common factor of n and f?
10
Let j(u) = 7*u**2 + 4*u + 4. Let m be j(-1). Suppose -m*i + 75 = -2*i. Suppose 4*l - 135 = l. Calculate the highest common divisor of i and l.
15
Let k be 1/((-2)/(-1))*396. Let y be -3*(40/(-15) + 2). Suppose -y*w + 126 = 5*w. Calculate the highest common divisor of k and w.
18
Let d(y) = -y**2 - 56*y - 84. Let n be d(-54). Calculate the greatest common factor of 18 and n.
6
Let y = 979 + -427. Calculate the greatest common factor of y and 8.
8
Let r(p) = 4*p**2 - 3*p + 2. Let h be r(4). Suppose 10*b - 208 = 152. Calculate the highest common divisor of h and b.
18
Suppose 0 = 5*o - 15, -3*m = 5*o - 2049 - 1326. Calculate the greatest common divisor of 35 and m.
35
Suppose 50*z = 45*z + 75. Suppose 12*l = z*l - 228. Calculate the highest common factor of 19 and l.
19
Let h = 82 - 55. What is the greatest common factor of 459 and h?
27
Suppose 26*j - 25*j + u = 41, -5*j = -4*u - 196. What is the greatest common factor of j and 3920?
40
Let a be (-14)/4*(-12)/21. Suppose a = z - 0. Suppose -3*f = z*v + 2*f - 50, -4*v - 3*f + 114 = 0. Calculate the highest common factor of v and 45.
15
Let u = -357 + 381. What is the greatest common factor of u and 200?
8
Let z(j) = 465*j - 107. Let n be z(3). Calculate the highest common divisor of n and 56.
56
Let k = 397 - 271. Calculate the greatest common divisor of k and 315.
63
Let s be (-8)/(-3)*126/4. Let x(g) = -g**3 - 17*g**2 - g - 14. Let i be x(-17). Suppose -j + i*j = s. What is the highest common factor of j and 21?
21
Let w = 0 - -2. Let z(r) be the third derivative of -r**5/60 + 8*r**3/3 + 4*r**2. Let m be z(0). What is the greatest common factor of w and m?
2
Let t be (-350)/(-42)*(-33)/(-5). Calculate the greatest common factor of t and 605.
55
Let r be (581/(-14))/((-5)/2 + 2). Let q = -79 + r. Calculate the highest common divisor of q and 2.
2
Suppose -476 - 1040 = 2*r. Let c be (-3)/18 + r/(-12). Let i = c + 3. What is the highest common divisor of i and 22?
22
Suppose -26*x + 14803 + 6257 = 0. What is the greatest common divisor of x and 30?
30
Let p be (-79)/(-3) - (-4)/6. Let c(r) = 3*r**2 + 2*r - 3. Let l be c(-3). Suppose -13*o - 15 = -l*o. Calculate the highest common factor of p and o.
3
Suppose -5*u - 510 = 5*l, -16 = -2*u - 6. Let b = -62 - l. Suppose -f - 4*f + 2*p = -102, -5*p = -2*f + b. Calculate the highest common divisor of 40 and f.
20
Suppose -2*v + s + 15 = -13, 4*v - 50 = 5*s. Let c = 16 - 11. Suppose c*o = 666 + 9. Calculate the highest common factor of o and v.
15
Suppose p - 2*p = -4*a + 31, 0 = -2*a - 2*p + 28. What is the greatest common divisor of a and 162?
9
Let t(z) = 11*z**2 - 14*z + 42. Let a be t(5). Calculate the greatest common divisor of 78 and a.
13
Let o(d) = d**3 + d**2 - 4*d + 5. Let i be o(4). Suppose 0 = 2*h - 33 - 13. What is the highest common divisor of h and i?
23
Let y(d) = d**3 + 6*d**2 - 2*d - 7. Let g be y(-6). Let m = g - 7. Let r be 4/((-18)/(-8) + m). Calculate the highest common divisor of 4 and r.
4
Let c(u) = 7*u**2 - 7*u**2 + 2*u + 7*u**2. Let x be c(2). Let m(r) = 2*r**2 - 13*r + 10. Let j be m(6). Calculate the greatest common divisor of j and x.
4
Let v be ((-3)/((-15)/(-140)))/(1 + -2). What is the highest common divisor of 70 and v?
14
Let s = 20944 - 20874. Suppose -130 = -5*g + 2*h, -4*g + 87 = -10*h + 5*h. What is the highest common factor of g and s?
14
Let x(u) = u**2 - 26*u - 452. Let l be x(-12). Suppose 3*z - 106 = 62. Suppose 104 + z = 5*b. What is the greatest common divisor of l and b?
4
Suppose 490 - 466 = b. Calculate the greatest common divisor of b and 6.
6
Let o be ((-6)/15)/((22/(-260))/11). Calculate the highest common factor of o and 312.
52
Suppose -4*w + 14*y = 9*y - 43, -26 = -3*w + 5*y. What is the greatest common factor of w and 391?
17
Let v be (1 - 0)*1 - -29. Let d be (-4 - -10 - -18)*10. What is the greatest common divisor of d and v?
30
Let h = -70 - -143. Suppose h = -8*w + 209. What is the greatest common divisor of w and 17?
17
Let k(c) = -513*c**3 - 4*c**2 - 8*c - 6. Let g be k(-1). Calculate the highest common divisor of g and 73.
73
Suppose 4*b - 99 = 17. Calculate the highest common divisor of 116 and b.
29
Suppose -2*k - 3*s = k - 210, -386 = -5*k + 4*s. Suppose 4*z -